{"id":664,"date":"2025-12-15T10:32:09","date_gmt":"2025-12-15T15:32:09","guid":{"rendered":"https:\/\/promocionalesmagidea.com\/?post_type=product&#038;p=664"},"modified":"2025-12-15T10:49:29","modified_gmt":"2025-12-15T15:49:29","slug":"ofertas-cambrela","status":"publish","type":"product","link":"https:\/\/promocionalesmagidea.com\/index.php\/producto\/ofertas-cambrela\/","title":{"rendered":"Ofertas Cambrela"},"content":{"rendered":"<div>\n<div class=\"standard-markdown grid-cols-1 grid gap-4 [&amp;_&gt;_*]:min-w-0\">\n<h2 class=\"text-text-100 mt-3 -mb-1 text-[1.125rem] font-bold\"><span style=\"font-size: 16px;\">Descubre nuestras <\/span><strong style=\"font-size: 16px;\">ofertas incre\u00edbles<\/strong><span style=\"font-size: 16px;\"> en bolsos ecol\u00f3gicos de primera calidad! Aprovecha <\/span><strong style=\"font-size: 16px;\">descuentos de hasta 50%<\/strong><span style=\"font-size: 16px;\"> en nuestra selecci\u00f3n de <\/span><strong style=\"font-size: 16px;\">productos en liquidaci\u00f3n<\/strong><span style=\"font-size: 16px;\">: sport bags, bolsos de yute, portavestidos, mochilas y m\u00e1s. Cada art\u00edculo en <\/span><strong style=\"font-size: 16px;\">oferta especial<\/strong><span style=\"font-size: 16px;\"> mantiene los est\u00e1ndares premium de durabilidad y dise\u00f1o que nos caracterizan.<\/span><\/h2>\n<\/div>\n<\/div>\n","protected":false},"excerpt":{"rendered":"<p>Descubre nuestras ofertas incre\u00edbles en bolsos ecol\u00f3gicos de primera calidad! Aprovecha descuentos de hasta 50% en nuestra selecci\u00f3n de productos en liquidaci\u00f3n: sport bags, bolsos de yute, portavestidos, mochilas y m\u00e1s. Cada art\u00edculo en oferta especial mantiene los est\u00e1ndares premium de durabilidad y dise\u00f1o que nos caracterizan.<\/p>\n","protected":false},"featured_media":622,"comment_status":"open","ping_status":"closed","template":"","meta":[],"product_brand":[],"product_cat":[61],"product_tag":[],"class_list":{"0":"post-664","1":"product","2":"type-product","3":"status-publish","4":"has-post-thumbnail","6":"product_cat-bordados","8":"first","9":"instock","10":"shipping-taxable","11":"product-type-simple"},"_links":{"self":[{"href":"https:\/\/promocionalesmagidea.com\/index.php\/wp-json\/wp\/v2\/product\/664","targetHints":{"allow":["GET"]}}],"collection":[{"href":"https:\/\/promocionalesmagidea.com\/index.php\/wp-json\/wp\/v2\/product"}],"about":[{"href":"https:\/\/promocionalesmagidea.com\/index.php\/wp-json\/wp\/v2\/types\/product"}],"replies":[{"embeddable":true,"href":"https:\/\/promocionalesmagidea.com\/index.php\/wp-json\/wp\/v2\/comments?post=664"}],"wp:featuredmedia":[{"embeddable":true,"href":"https:\/\/promocionalesmagidea.com\/index.php\/wp-json\/wp\/v2\/media\/622"}],"wp:attachment":[{"href":"https:\/\/promocionalesmagidea.com\/index.php\/wp-json\/wp\/v2\/media?parent=664"}],"wp:term":[{"taxonomy":"product_brand","embeddable":true,"href":"https:\/\/promocionalesmagidea.com\/index.php\/wp-json\/wp\/v2\/product_brand?post=664"},{"taxonomy":"product_cat","embeddable":true,"href":"https:\/\/promocionalesmagidea.com\/index.php\/wp-json\/wp\/v2\/product_cat?post=664"},{"taxonomy":"product_tag","embeddable":true,"href":"https:\/\/promocionalesmagidea.com\/index.php\/wp-json\/wp\/v2\/product_tag?post=664"}],"curies":[{"name":"wp","href":"https:\/\/api.w.org\/{rel}","templated":true}]}}